 (base 12) in base 16?
-174
Convert ca (base 14) to base 15.
bd
-3 (base 6) to base 16
-3
124 (base 6) to base 9
57
What is 121 (base 4) in base 14?
1b
-1 (base 10) to base 8
-1
-19 (base 12) to base 4
-111
-2b (base 16) to base 6
-111
Convert -2 (base 14) to base 11.
-2
What is 5 (base 15) in base 11?
5
What is 2 (base 15) in base 6?
2
1 (base 2) to base 6
1
What is 1102 (base 3) in base 14?
2a
What is -30 (base 6) in base 3?
-200
What is -26 (base 9) in base 2?
-11000
Convert -1 (base 3) to base 13.
-1
-5b (base 16) to base 13
-70
Convert 4a (base 12) to base 7.
112
Convert -2 (base 14) to base 8.
-2
126 (base 14) to base 12
172
What is -5 (base 12) in base 16?
-5
10 (base 15) to base 5
30
Convert -100111 (base 2) to base 15.
-29
40 (base 7) to base 4
130
Convert 73 (base 13) to base 12.
7a
What is 3021 (base 4) in base 14?
105
-205 (base 8) to base 7
-250
Convert -16 (base 7) to base 14.
-d
What is -1 (base 2) in base 3?
-1
What is 2130 (base 4) in base 16?
9c
-266 (base 7) to base 11
-123
Convert 43 (base 12) to base 9.
56
Convert 2 (base 13) to base 7.
2
-133 (base 13) to base 16
-d3
-21 (base 9) to base 10
-19
Convert 2 (base 15) to base 8.
2
What is -a (base 16) in base 8?
-12
Convert 3 (base 4) to base 5.
3
43 (base 7) to base 10
31
What is -124 (base 15) in base 9?
-317
What is 2 (base 4) in base 14?
2
What is -335 (base 8) in base 14?
-11b
301 (base 7) to base 3
12111
-220 (base 3) to base 7
-33
Convert -5 (base 6) to base 16.
-5
10000001 (base 2) to base 4
2001
What is 0 (base 6) in base 13?
0
What is 222 (base 3) in base 5?
101
What is -14 (base 12) in base 6?
-24
-187 (base 12) to base 13
-160
What is 1 (base 16) in base 15?
1
What is 33 (base 8) in base 3?
1000
Convert 364 (base 9) to base 6.
1221
What is 19 (base 16) in base 2?
11001
What is -5 (base 6) in base 12?
-5
What is 30 (base 8) in base 9?
26
Convert -2 (base 7) to base 13.
-2
-6 (base 8) to base 5
-11
Convert -1d (base 14) to base 13.
-21
41 (base 16) to base 10
65
What is -443 (base 8) in base 3?
-101210
What is 100100 (base 2) in base 10?
36
Convert -1 (base 10) to base 15.
-1
Convert 2 (base 15) to base 14.
2
26 (base 11) to base 9
31
What is -1 (base 8) in base 3?
-1
Convert -1000 (base 2) to base 5.
-13
2 (base 3) to base 9
2
-48 (base 13) to base 7
-114
-d (base 14) to base 2
-1101
Convert -5 (base 15) to base 7.
-5
1 (base 16) to base 9
1
What is -11011000 (base 2) in base 4?
-3120
What is 122 (base 6) in base 8?
62
0 (base 5) to base 7
0
-211 (base 4) to base 15
-27
What is 13b (base 15) in base 2?
100011001
Convert 0 (base 2) to base 9.
0
What is 1 (base 6) in base 2?
1
Convert -50 (base 9) to base 16.
-2d
What is -44 (base 6) in base 13?
-22
What is -3 (base 15) in base 2?
-11
What is 110 (base 2) in base 13?
6
34 (base 13) to base 6
111
What is -264 (base 9) in base 16?
-dc
Convert -a2 (base 13) to base 3.
-11220
What is 1a (base 13) in base 8?
27
-9 (base 10) to base 14
-9
Convert -220 (base 3) to base 9.
-26
What is -200 (base 5) in base 15?
-35
What is -339 (base 10) in base 5?
-2324
Convert 4 (base 15) to base 3.
11
-7 (base 14) to base 15
-7
What is 12 (base 3) in base 7?
5
What is -21 (base 5) in base 7?
-14
What is -35 (base 9) in base 15?
-22
What is 7 (base 10) in base 15?
7
Convert 11 (base 6) to base 15.
7
What is 144 (base 7) in base 16?
51
What is -17 (base 13) in base 7?
-26
-3 (base 15) to base 8
-3
3 (base 14) to base 8
3
What is -21 (base 7) in base 6?
-23
What is -24 (base 9) in base 4?
-112
79 (base 12) to base 14
69
Convert -3 (base 16) to base 11.
-3
Convert 34 (base 10) to base 7.
46
Convert -3 (base 8) to base 16.
-3
What is 16 (base 7) in base 13?
10
Convert 3 (base 15) to base 16.
3
-3 (base 15) to base 4
-3
-a8 (base 13) to base 12
-b6
What is -1 (base 13) in base 6?
-1
-3 (base 7) to base 8
-3
3 (base 7) to base 8
3
What is -50 (base 9) in base 16?
-2d
Convert -13 (base 9) to base 7.
-15
-128 (base 9) to base 14
-79
0 (base 9) to base 8
0
What is -13 (base 8) in base 6?
-15
Convert -15 (base 6) to base 13.
-b
Convert -8 (base 13) to base 5.
-13
What is 9 (base 14) in base 4?
21
Convert 2 (base 5) to base 2.
10
Convert 31 (base 5) to base 14.
12
Convert 1100011 (base 2) to base 7.
201
What is -2 (base 8) in base 10?
-2
Convert -a1 (base 16) to base 9.
-188
Convert -4 (base 6) to base 14.
-4
What is -7 (base 8) in base 9?
-7
-21 (base 3) to base 9
-7
-10 (base 3) to base 8
-3
Convert -11 (base 15) to base 9.
-17
Convert 120 (base 10) to base 13.
93
-1221 (base 4) to base 10
-105
What is 412 (base 6) in base 2?
10011000
What is -12 (base 13) in base 2?
-1111
What is -2013 (base 4) in base 15?
-90
Convert -2 (base 3) to base 4.
-2
What is 32 (base 9) in base 15?
1e
Convert -22222 (base 3) to base 13.
-158
422 (base 6) to base 3
12212
What is 17 (base 8) in base 15?
10
What is -1c (base 15) in base 9?
-30
Convert -4 (base 15) to base 12.
-4
What is -10110 (base 2) in base 14?
-18
What is 150 (base 9) in base 16?
7e
What is -11101 (base 2) in base 15?
-1e
-3d (base 16) to base 8
-75
Convert 0 (base 12) to base 7.
0
Convert 1 (base 11) to base 4.
1
What is -20 (base 12) in base 2?
-11000
-1111000 (base 2) to base 10
-120
What is 3 (base 9) in base 14?
3
What is -4 (base 8) in base 2?
-100
Convert -c (base 15) to base 2.
-1100
What is 4 (base 15) in base 11?
4
24 (base 15) to base 7
46
Convert -179 (base 11) to base 7.
-414
Convert 0 (base 7) to base 13.
0
What is -16 (base 7) in base 9?
-14
2 (base 11) to base 2
10
What is -5 (base 15) in base 13?
-5
What is 21 (base 13) in base 14?
1d
What is 3 (base 7) in base 15?
3
0 (base 5) to base 9
0
Convert -b9 (base 12) to base 16.
-8d
-13 (base 14) to base 3
-122
What is 13 (base 12) in base 15?
10
Convert -111 (base 14) to base 3.
-21211
Convert -200 (base 5) to base 3.
-1212
What is -2 (base 10) in base 11?
-2
What is 27 (base 11) in base 2?
11101
Convert -2 (base 11) to base 3.
-2
-78 (base 10) to base 15
-53
-6 (base 15) to base 8
-6
Convert -120 (base 3) to base 10.
-15
Convert -202 (base 4) to base 10.
-34
Convert 10 (base 4) to base 7.
4
What is 58 (base 11) in base 3?
2100
What is -9 (base 16) in base 6?
-13
Convert -22 (base 3) to base 9.
-8
-3123 (base 4) to base 7
-432
1 (base 7) to base 16
1
What is 1112 (base 3) in base 11?
38
Convert -6 (base 12) to base 4.
-12
Convert 4 (base 7) to base 11.
4
What is 23 (base 8) in base 14?
15
What is 1011 (base 2) in base 15?
b
Convert 1 (base 12) to base 13.
1
What is 18 (base 15) in base 2?
10111
What is -12 (base 15) in base 5?
-32
-1 (base 16) to base 4
-1
1030 (base 4) to base 16
4c
What is -3 (base 12) in base 2?
-11
Convert -1 (base 11) to base 8.
-1
What is 2 (base 7) in base 16?
2
451 (base 6) to base 11
14a
-40 (base 16) to base 15
-44
1 (base 13) to base 3
1
Convert -a7 (base 11) to base 9.
-140
10 (base 3) to base 16
3
103 (base 5) to base 14
20
3 (base 12) to base 7
3
Convert a (base 11) to base 3.
101
Convert 40 (base 11) to base 4.
230
Convert 37 (base 10) to base 7.
52
27 (base 10) to base 2
11011
What is 0 (base 12) in base 14?
0
What is -2 (base 16) in base 14?
-2
What is -34 (base 8) in base 14?
-20
What is 2 (base 16) in base 2?
10
354 (base 7) to base 10
186
-330 (base 6) to base 12
-a6
What is 52 (base 6) in base 13?
26
37 (base 9) to base 16
22
Convert 20 (base 8) to base 10.
16
Convert 3 (base 8) to base 11.
3
13 (base 10) to base 3
111
Convert -101 (base 2) to base 9.
-5
What is 1 (base 3) in base 9?
1
-40 (base 7) to base 10
-28
What is -12 (base 7) in base 4?
-21
Convert 0 (base 13) to base 9.
0
12 (base 8) to base 4
22
Convert -1c (base 16) to base 10.
-28
Convert 4 (base 8) to base 11.
4
-145 (base 7) to base 2
-1010010
What is -5 (base 8) in base 15?
-5
-2 (base 8) to base 12
-2
Convert 7 (base 14) to base 2.
111
13 (base 11) to base 16
e
What is -5 (base 16) in base 8?
-5
12121 (base 3) to base 8
227
Convert -2 (base 9) to base 12.
-2
Convert -5 (base 12) to base 15.
-5
111100 (base 2) to base 3
2020
-21 (base 4) to base 6
-13
4 (base 7) to base 14
4
Convert -157 (base 12) to base 13.
-133
Convert -4 (base 15) to base 5.
-4
10 (base 13) to base 2
1101
-32 (base 8) to base 11
-24
Convert 13 (base 7) to base 13.
a
Convert 1 (base 9) to base 8.
1
Convert -10 (base 3) to base 13.
-3
8 (base 11) to base 13
8
-32 (ba